53, 167
Let j be (-13)/6 + 2 + 15/90. Suppose 4*l = 2*t + 3190, j*l - 3*t = l - 808. What are the prime factors of l?
17, 47
Let n be (-228)/(-57) + 1*9. List the prime factors of ((-2652)/(-14))/n*42/2.
2, 3, 17
Let j(q) = 30*q**2 + 7*q + 41. Let m be j(-17). Suppose 4*s + m = 20*s. What are the prime factors of s?
3, 179
Let p(w) = w + 6. Let d be p(-4). Suppose 2*f - 694 = -4*t, 0*t - 5*f = d*t - 367. What are the prime factors of t?
3, 19
Suppose -4*c - 16 = 4*q, -3*q - 2*q = 2*c + 20. Let d(b) = 14*b + 9. Let v be d(q). What are the prime factors of (1/(1/v))/(3/(-9))?
3, 47
Let q(f) = -f**3 - 2*f. Let a(l) = 3*l**3 - 7*l**2 - 15*l - 16. Let m(d) = a(d) + 4*q(d). What are the prime factors of m(-8)?
2, 29
List the prime factors of -2 + 1 + (-4737)/18*-66.
2, 13, 167
Let k = -5541 - -12227. List the prime factors of k.
2, 3343
Suppose -5*s - v = 17, -3*s + s + 5*v = 23. Let r be 2/s*(-14 - -10). Suppose -3*b = 5*f - 191, b - 205 = -2*b + r*f. What are the prime factors of b?
67
Let t(v) be the first derivative of -v**2/2 + 3*v - 32. Let s be t(-6). Suppose 3*z + z = 4*r, z - 4*r = -s. What are the prime factors of z?
3
Let j(b) = 2*b**2 + 12*b - 385. List the prime factors of j(34).
5, 467
Suppose 3*j - 7*j + 3*b = -211846, 2*b + 105924 = 2*j. Suppose -36*g = 12244 - j. What are the prime factors of g?
3, 13, 29
Suppose 83*k - 719112 - 452963 + 169601 = 0. List the prime factors of k.
2, 3, 11, 61
Let f(o) = 19*o**2 - 364*o - 599. List the prime factors of f(75).
2, 617
Let v(s) = -714*s + 8675. What are the prime factors of v(8)?
2963
Let l(q) = 113*q**2 - 87*q**2 + q - 36 + 10 - q**3. Let j be l(26). Suppose 4*r + b - 982 = j, -r - b - 1223 = -6*r. What are the prime factors of r?
5, 7
Suppose -24 = 2*a + 12. Let y = a - -22. Suppose -4*i + 68 = -2*r, -y*i - 4*r - r + 82 = 0. What are the prime factors of i?
2, 3
What are the prime factors of 3660 + -1 + (-9 - -3)/(-2)?
2, 1831
Let w(i) = 2*i - 116. Let z be w(28). What are the prime factors of ((-25)/(-4))/(-1)*z?
3, 5
Let v(b) = 6*b**2 - 11*b - 27. What are the prime factors of v(4)?
5
Let t = -1563 + 4674. What are the prime factors of t?
3, 17, 61
Let d(p) = -2*p**3 - 28*p**2 - 19*p - 34. What are the prime factors of d(-14)?
2, 29
Let c = 72812 + -51624. List the prime factors of c.
2, 5297
Let r(w) = 165*w + 17. Suppose 2*y + 6 = -4*v, 7 = 4*y + 5*v + 10. What are the prime factors of r(y)?
2
Let l = 12255 + -5845. List the prime factors of l.
2, 5, 641
Let r = -7777 + 11466. List the prime factors of r.
7, 17, 31
Suppose -277*b + 281*b = -2868. Let i = -293 - b. What are the prime factors of i?
2, 53
Suppose -5*n = 3*h - 481, 8*n - 6*n = 3*h - 446. Let a be (4 - 0)/(2/5). Suppose a = -p - p, i - h = p. What are the prime factors of i?
3, 7
Let y be (30/25)/(4/1310). Suppose -3*u - c + 738 = 0, -u = -c - y + 147. What are the prime factors of u?
2, 3, 41
Let n be (-3)/(-9) + (-14)/(-3) - 4. Suppose 0 = r + x - 1, -3*x - n = -r + 20. What are the prime factors of (-1)/2 + 93/r?
3, 5
Let h = 12448 - 5905. What are the prime factors of h/9 + (-7)/1?
2, 3, 5
Suppose 3*d = -n + 59816, -39910 = 59*d - 61*d + 4*n. What are the prime factors of d?
3, 17, 23
Let x = 60 - 119. Let g = -12 + x. Let j = 78 + g. List the prime factors of j.
7
Let d = 21105 + -8878. List the prime factors of d.
12227
List the prime factors of (-2)/3 + (-6132992)/(-768).
5, 1597
Suppose -5*x - 2*m - m + 3411 = 0, 5*m = 5*x - 3435. Let q = -488 + x. What are the prime factors of q?
2, 7
Let f(l) = -l**2 - 22*l + 39. Let i be f(-21). Let a be (-11055)/i + 1/(1 + 3). Let p = a + 277. What are the prime factors of p?
3, 31
Suppose 0 = 7*p - 11*p + 4. Let d(s) = -s**3 + s**2 + s. Let y(f) = 2*f**3 + 6*f**2 + 10*f - 11. Let z(t) = p*y(t) + 3*d(t). List the prime factors of z(9).
2, 53
Let w(j) = -j**3 + 24*j**2 + 174*j + 76. What are the prime factors of w(28)?
2, 3, 151
Let x(i) = 6529*i**3 - 7*i**2 + 4*i. What are the prime factors of x(1)?
2, 13, 251
Let i(u) = 7935*u + 1595. List the prime factors of i(7).
2, 5, 2857
Let s(n) = -5*n - 22. Let k be s(-5). Suppose -o + 10 + 1 = 3*i, -k = -o + i. Suppose 5*x + 33 = 5*r - 57, 3*r - 64 = o*x. List the prime factors of r.
13
Suppose -5*x + 0*x = -r + 9549, -3*r = -3*x - 5727. Let z = 3031 + x. What are the prime factors of z?
19, 59
Let t(h) = -h**3 + 15*h**2 - 12*h - 17. Let y be t(14). Let n(w) = 2*w**2 - w + 37. What are the prime factors of n(y)?
2, 67
Let v(g) = -8*g**3 - 11*g**2 - 2*g - 15. Let f be v(-5). Suppose 3*q + 3*x - f = x, -5*x = -3*q + 741. What are the prime factors of q?
2, 11
List the prime factors of (22 - (-427658)/(-66))/(1/(-3)).
19373
List the prime factors of (-3)/((2 + 0)*(745821/149166 - 5)).
3, 8287
Let n(j) = j**3 - 2*j**2 - 2. Let o(h) = -7*h**3 + 19*h**2 + 20*h - 31. Let y(x) = 6*n(x) + o(x). What are the prime factors of y(7)?
97
Suppose 1 - 4 = g, -3*g + 56 = 5*x. Let p(l) = -l + 8. Let t be p(x). Let i(m) = m**3 + 8*m**2 + 4*m + 2. What are the prime factors of i(t)?
3, 19
Let m = 2505 - 273. List the prime factors of m.
2, 3, 31
List the prime factors of 4*-5*41469/(-2404).
3, 5, 23
List the prime factors of 1042008/42 + 516/(-301).
2, 7, 443
Let y = -82 + 42. Let p be (-95 + -1)*(-2)/4. Let c = p + y. List the prime factors of c.
2
Let q be (-344)/72 - -5 - 125/(-45). Let i = 343 - 239. Suppose 8*z = q*s + 4*z - 317, -z - i = -s. List the prime factors of s.
3, 11
Suppose -4*s - 3*a = -83739, 4*s - 8*a + 9*a - 83737 = 0. List the prime factors of s.
2, 3, 1163
Let s be (-1)/(294/144 - 2). What are the prime factors of 309 + 5 + s/8?
311
Suppose 0 = 5*z - 3026 + 821. Let r = z + 138. What are the prime factors of r?
3, 193
Let s be 565 + (7 + -1 - 3). Let k = s - 14. What are the prime factors of k?
2, 277
Let j = -784 + 788. Let z be 0/((-1)/(-2)*2). Suppose -m + j*m - 132 = z. What are the prime factors of m?
2, 11
Let b = -653 - -645. What are the prime factors of (-5205)/b + (-3)/(-8)?
3, 7, 31
Let m be (1 + 1)*(-110)/(-44). Suppose -347 = -m*w - 3*v, -4*w - 7*v = -3*v - 276. What are the prime factors of w?
2, 5, 7
Let p = -5339 + 10900. What are the prime factors of p?
67, 83
Suppose 7*a = 8*a - 5*r - 6370, -r = -3. List the prime factors of a.
5, 1277
Let m be 1/(3 - 4) - (3 - 2). Let h(y) = -17*y**3 + 3*y. Let u be h(m). Suppose -o + 22 = -5*p, 0 = 5*o - 0*p - 5*p - u. What are the prime factors of o?
3
Let t(z) = 5*z**3 + 6*z**2 - 8*z - 20. Let k(r) = -r**3 + r**2 - 1. Let v(b) = 6*k(b) + t(b). What are the prime factors of v(11)?
7
Let d = 627 + -500. Let o = 902 - d. What are the prime factors of o?
5, 31
Let i(n) = 3*n**2 + 4. Let l = -24 - -29. Let w be (-4)/(3 - -5) + l/2. List the prime factors of i(w).
2
Let g(s) = -28*s**3 + 5*s**2 - 6*s - 24. Let h be g(-5). Suppose -2*u + 653 = 5*k - 1190, k = 4*u - h. What are the prime factors of u?
3, 101
Let u = 4444 - 2829. Suppose 3*b - 323 = o, 0*o + u = -5*o + 4*b. Let c = o + 511. List the prime factors of c.
2, 47
Suppose 58508 - 291986 = -34*l. List the prime factors of l.
3, 7, 109
Let z = 45068 + -23239. List the prime factors of z.
83, 263
List the prime factors of 252/(-231) - -1 - (-301600)/22.
13709
Suppose 0 = -26*b + 24*b + 10, 1156 = x + 2*b. What are the prime factors of x?
2, 3, 191
Let x(f) be the second derivative of -31*f**3 - 34*f**2 + 70*f. What are the prime factors of x(-2)?
2, 19
Suppose 19*v + 630 = 2169. Let n = 488 + v. What are the prime factors of n?
569
Let a(u) be the first derivative of 18 - 5/2*u**2 - 27*u. List the prime factors of a(-6).
3
Let j(r) = -r**2 - 11*r + 6. Suppose -c = -6*c + 4*n + 67, 0 = c + 5*n + 4. Suppose -2*q - 3*t - 19 = -0*t, q + c = -3*t. List the prime factors of j(q).
2, 3, 5
Suppose 18*t - 410822 + 51038 = 348246. List the prime factors of t.
5, 7867
Suppose 7*k = 3*k + 1788. Suppose 2*z + 3*i = 234 - 3, 0 = 4*z + i - k. Let l = z + -44. List the prime factors of l.
67
Suppose -12*l + 167374 + 7634 = 0. What are the prime factors of l?
2, 1823
Let m(j) = -291*j**2 - 4*j - 6. Let i be m(-2). Let c = i + 1802. What are the prime factors of c?
2, 5
Let l = 35 + -38. Let a be (24/(-16))/(l/10). What are the prime factors of ((-4)/a)/((-6)/75)?
2, 5
Let x be 4 + (3 - (-5)/(5/(-3))). Suppose 2*t + 3*o = -8 - 7, 2*o = x*t